{"id":2,"date":"2023-03-01T20:34:20","date_gmt":"2023-03-01T20:34:20","guid":{"rendered":"http:\/\/kairosdigitalmedia.es\/?page_id=2"},"modified":"2024-07-23T15:44:54","modified_gmt":"2024-07-23T15:44:54","slug":"pagina-ejemplo","status":"publish","type":"page","link":"https:\/\/kairoscomunicacion.com\/","title":{"rendered":"Kairos Comunicacion"},"content":{"rendered":"\t\t<div data-elementor-type=\"wp-page\" data-elementor-id=\"2\" class=\"elementor elementor-2\">\n\t\t\t\t\t\t\t\t\t<section class=\"elementor-section elementor-top-section elementor-element elementor-element-2457c415 elementor-section-boxed elementor-section-height-default elementor-section-height-default\" data-id=\"2457c415\" data-element_type=\"section\">\n\t\t\t\t\t\t<div class=\"elementor-container elementor-column-gap-default\">\n\t\t\t\t\t<div class=\"elementor-column elementor-col-100 elementor-top-column elementor-element elementor-element-48d36d0d\" data-id=\"48d36d0d\" data-element_type=\"column\">\n\t\t\t<div class=\"elementor-widget-wrap elementor-element-populated\">\n\t\t\t\t\t\t\t\t<div class=\"elementor-element elementor-element-158504b elementor-widget elementor-widget-text-editor\" data-id=\"158504b\" data-element_type=\"widget\" data-widget_type=\"text-editor.default\">\n\t\t\t\t<div class=\"elementor-widget-container\">\n\t\t\t<style>\/*! elementor - v3.11.2 - 22-02-2023 *\/\n.elementor-widget-text-editor.elementor-drop-cap-view-stacked .elementor-drop-cap{background-color:#818a91;color:#fff}.elementor-widget-text-editor.elementor-drop-cap-view-framed .elementor-drop-cap{color:#818a91;border:3px solid;background-color:transparent}.elementor-widget-text-editor:not(.elementor-drop-cap-view-default) .elementor-drop-cap{margin-top:8px}.elementor-widget-text-editor:not(.elementor-drop-cap-view-default) .elementor-drop-cap-letter{width:1em;height:1em}.elementor-widget-text-editor .elementor-drop-cap{float:left;text-align:center;line-height:1;font-size:50px}.elementor-widget-text-editor .elementor-drop-cap-letter{display:inline-block}<\/style>\t\t\t\t<h4 class=\"western\" lang=\"en-US\" style=\"text-align: left;\"><span lang=\"es-ES-u-co-trad\"><strong>Esto no es la t\u00edpica web de una<\/strong> <\/span><span style=\"color: #c00000;\"><span lang=\"es-ES-u-co-trad\"><b>Agencia de Publicidad<\/b><\/span><\/span><span style=\"color: #c00000;\"><span lang=\"es-ES-u-co-trad\">.<\/span><\/span><\/h4>\n<p><span lang=\"es-ES-u-co-trad\">Esto es una <\/span><span lang=\"es-ES-u-co-trad\"><b>Carta de Ventas.<\/b><\/span><\/p>\n<p class=\"western\" lang=\"en-US\"><span lang=\"es-ES-u-co-trad\">Porque nosotros queremos vender.<\/span><\/p>\n<p class=\"western\" lang=\"en-US\"><span lang=\"es-ES-u-co-trad\">Imaginamos que t\u00fa tambi\u00e9n.<\/span><\/p>\n<p class=\"western\" lang=\"en-US\"><span lang=\"es-ES-u-co-trad\">Ya sabes aquello:<\/span><\/p>\n<p class=\"western\" lang=\"en-US\" style=\"text-align: center;\"><span lang=\"es-ES-u-co-trad\"><i>Si no vendes, no vives.<\/i><\/span><\/p>\n<p class=\"western\" lang=\"en-US\" style=\"text-align: center;\"><span lang=\"es-ES-u-co-trad\"><i>Si no vives, est\u00e1s muerto<\/i><\/span><span lang=\"es-ES-u-co-trad\">.<\/span><\/p>\n<p class=\"western\" lang=\"en-US\"><span lang=\"es-ES-u-co-trad\">&nbsp;<\/span><\/p>\n<p class=\"western\" lang=\"en-US\"><span lang=\"es-ES-u-co-trad\">Y,&nbsp; no es la t\u00edpica web de una <\/span><span style=\"color: #c00000;\"><span lang=\"es-ES-u-co-trad\"><b>Agencia de Publicidad.<\/b><\/span><\/span><\/p>\n<p class=\"western\" lang=\"en-US\"><span lang=\"es-ES-u-co-trad\">Porque no hablamos de <\/span><span lang=\"es-ES-u-co-trad\"><b>Nosotros.<\/b><\/span><\/p>\n<p class=\"western\" lang=\"en-US\"><span lang=\"es-ES-u-co-trad\">No hablamos de <\/span><span lang=\"es-ES-u-co-trad\"><b>Nuestros servicios.<\/b><\/span><\/p>\n<p class=\"western\" lang=\"en-US\"><span lang=\"es-ES-u-co-trad\">No hablamos de <\/span><span lang=\"es-ES-u-co-trad\"><b>por qu\u00e9 nos llamamos Kairos Comunicaci\u00f3n.<\/b><\/span><\/p>\n<p class=\"western\" lang=\"en-US\"><span lang=\"es-ES-u-co-trad\">Tampoco hablamos de <\/span><span lang=\"es-ES-u-co-trad\"><b>Nuestra Misi\u00f3n, Visi\u00f3n, Valores.<\/b><\/span><\/p>\n<p class=\"western\" lang=\"en-US\"><span lang=\"es-ES-u-co-trad\">&nbsp;<\/span><\/p>\n<p class=\"western\" lang=\"en-US\"><span lang=\"es-ES-u-co-trad\">Y, es que no somos la t\u00edpica <\/span><span style=\"color: #c00000;\"><span lang=\"es-ES-u-co-trad\"><b>Agencia de Publicidad.<\/b><\/span><\/span><\/p>\n<p class=\"western\" lang=\"en-US\"><span lang=\"es-ES-u-co-trad\">Porque para nosotros <\/span><span lang=\"es-ES-u-co-trad\"><b>la publicidad es mucho m\u00e1s<\/b><\/span><span lang=\"es-ES-u-co-trad\"> que <\/span><span lang=\"es-ES-u-co-trad\">Kpi\u00b4s, impresiones, GRP\u00b4s, PowerPoint, alcance, OTS, n\u00famero de <\/span><span style=\"color: var( --e-global-color-text ); font-family: var( --e-global-typography-text-font-family ), Sans-serif; font-weight: var( --e-global-typography-text-font-weight ); background-color: var(--wp--preset--color--base); font-size: var(--wp--preset--font-size--medium);\">visionados, presentaciones chulis, frecuencia\u2026<\/span><\/p>\n<p class=\"western\" lang=\"en-US\"><span lang=\"es-ES-u-co-trad\">&nbsp;<\/span><\/p>\n<h4 class=\"western\" lang=\"en-US\"><span lang=\"es-ES-u-co-trad\"><strong>Somos una<\/strong> <\/span><span style=\"color: #002060;\"><span lang=\"es-ES-u-co-trad\"><b>Agencia de Publicidad para vender.<\/b><\/span><\/span><\/h4>\n<p class=\"western\" lang=\"en-US\"><span lang=\"es-ES-u-co-trad\">Para <strong>vender mucho.<\/strong><\/span><\/p>\n<p class=\"western\" lang=\"en-US\"><span lang=\"es-ES-u-co-trad\">Para <strong>vender mucho m\u00e1s.<\/strong><\/span><\/p>\n<p class=\"western\" lang=\"en-US\"><span lang=\"es-ES-u-co-trad\">Para nosotros la <\/span><span style=\"color: #002060;\"><span lang=\"es-ES-u-co-trad\"><b>publicidad es una herramienta para vender<\/b><\/span><\/span><span style=\"color: #c00000;\"><span lang=\"es-ES-u-co-trad\">. <\/span><\/span><span lang=\"es-ES-u-co-trad\">Punto.<\/span><\/p>\n<p class=\"western\" lang=\"en-US\"><span lang=\"es-ES-u-co-trad\">&nbsp;<\/span><\/p>\n<p class=\"western\" lang=\"en-US\"><span lang=\"es-ES-u-co-trad\">Si la publicidad no vende, no funciona. Punto.<\/span><\/p>\n<p lang=\"en-US\">\n<\/p><p class=\"western\" lang=\"en-US\" style=\"text-align: center;\"><span lang=\"es-ES-u-co-trad\">La publicidad tiene que vender.<\/span><\/p>\n<p class=\"western\" lang=\"en-US\" style=\"text-align: center;\"><span lang=\"es-ES-u-co-trad\">La publicidad tiene que vender mucho.<\/span><\/p>\n<p class=\"western\" lang=\"en-US\" style=\"text-align: center;\"><span lang=\"es-ES-u-co-trad\">La publicidad tiene que vender mucho m\u00e1s.<\/span><\/p>\n<p lang=\"en-US\">\n<\/p><p class=\"western\" lang=\"en-US\"><span lang=\"es-ES-u-co-trad\">&nbsp;<\/span><\/p>\n<p class=\"western\" lang=\"en-US\"><span lang=\"es-ES-u-co-trad\">Mira, como somos una <\/span><span style=\"color: #002060;\"><span lang=\"es-ES-u-co-trad\"><b>Agencia de Publicidad para vender <\/b><\/span><\/span><\/p>\n<p class=\"western\" lang=\"en-US\"><span lang=\"es-ES-u-co-trad\">trabajamos con un <\/span><span style=\"color: #002060;\"><span lang=\"es-ES-u-co-trad\"><b>Sistema de Ventas Automatizado.<\/b><\/span><\/span><\/p>\n<p class=\"western\" lang=\"en-US\"><span lang=\"es-ES-u-co-trad\">Lo pod\u00edamos haber llamado <strong>\u00ab<\/strong><\/span><strong><span lang=\"es-ES-u-co-trad\"><i>SAV, un sistema que trabaja con IA\u00bb<\/i><\/span><\/strong><\/p>\n<p class=\"western\" lang=\"en-US\"><span lang=\"es-ES-u-co-trad\" style=\"color: var( --e-global-color-text ); font-family: var( --e-global-typography-text-font-family ), Sans-serif; font-weight: var( --e-global-typography-text-font-weight ); background-color: var(--wp--preset--color--base); font-size: var(--wp--preset--font-size--medium);\">O, tal vez, <strong>\u00ab<\/strong><\/span><strong><span lang=\"es-ES-u-co-trad\" style=\"color: var( --e-global-color-text ); font-family: var( --e-global-typography-text-font-family ), Sans-serif; background-color: var(--wp--preset--color--base); font-size: var(--wp--preset--font-size--medium);\"><i>SAV para hacer crecer tu negocio\u00bb<\/i><\/span><\/strong><\/p>\n<p class=\"western\" lang=\"en-US\"><span lang=\"es-ES-u-co-trad\">O, incluso, <strong>\u00abCo<\/strong><\/span><strong><span lang=\"es-ES-u-co-trad\"><i>n nuestro SAV tus competidores te odiar\u00e1n\u00bb<\/i><\/span><\/strong><\/p>\n<p class=\"western\" lang=\"en-US\"><span lang=\"es-ES-u-co-trad\">Pero, no perdemos el tiempo en esas cosas.<\/span><\/p>\n<p lang=\"en-US\">\n<\/p><p class=\"western\" lang=\"en-US\"><span lang=\"es-ES-u-co-trad\">La gente no es tonta.<\/span><\/p>\n<p class=\"western\" lang=\"en-US\"><span style=\"color: #002060;\"><span lang=\"es-ES-u-co-trad\"><b>&nbsp;<\/b><\/span><\/span><\/p>\n<p class=\"western\" lang=\"en-US\"><span style=\"color: #002060;\"><span lang=\"es-ES-u-co-trad\"><b>Si algo funciona<\/b><\/span><\/span> <span lang=\"es-ES-u-co-trad\">no es necesario decir que funciona.<\/span><\/p>\n<p class=\"western\" lang=\"en-US\"><span style=\"color: #002060;\"><span lang=\"es-ES-u-co-trad\"><b>Si algo funciona<\/b><\/span><\/span> <span lang=\"es-ES-u-co-trad\">tan solo hay que venderlo. Punto.<\/span><\/p>\n<p lang=\"en-US\">\n<\/p><p class=\"western\" lang=\"en-US\" style=\"text-align: center;\"><span lang=\"es-ES-u-co-trad\">Si quieres vender.<\/span><\/p>\n<p class=\"western\" lang=\"en-US\" style=\"text-align: center;\"><span lang=\"es-ES-u-co-trad\">Si quieres vender mucho.<\/span><\/p>\n<p class=\"western\" lang=\"en-US\" style=\"text-align: center;\"><span lang=\"es-ES-u-co-trad\">Si quieres vender mucho m\u00e1s.<\/span><\/p>\n<p class=\"western\" lang=\"en-US\" style=\"text-align: center;\"><span lang=\"es-ES-u-co-trad\">Tan solo tienes que escribirnos y decirnos<\/span><\/p>\n<p class=\"western\" lang=\"en-US\" style=\"text-align: center;\"><span style=\"color: #003366;\"><b><u>hola@kairoscomunicacion.com<\/u><\/b><\/span><\/p>\n<h4>&nbsp;<\/h4>\n<h4><span style=\"font-size: large; color: #993300;\"><span lang=\"es-ES-u-co-trad\"><b><u>Preguntas frecuentes<\/u><\/b><\/span><\/span><\/h4>\n<p class=\"western\" lang=\"en-US\"><span lang=\"es-ES-u-co-trad\"><b>\u00bfHac\u00e9is publicidad en todo tipo de medios y canales?<\/b><\/span><\/p>\n<p class=\"western\" lang=\"en-US\"><span lang=\"es-ES-u-co-trad\">S\u00ed, pero solo hacemos publicidad en aquellos medios que te ayudar\u00e1n a vender m\u00e1s.<\/span><\/p>\n<p class=\"western\" lang=\"en-US\"><span lang=\"es-ES-u-co-trad\"><b>&nbsp;<\/b><\/span><\/p>\n<p class=\"western\" lang=\"en-US\"><span lang=\"es-ES-u-co-trad\"><b>\u00bfHac\u00e9is publicidad program\u00e1tica y vallas 3X8?<\/b><\/span><\/p>\n<p class=\"western\" lang=\"en-US\"><span lang=\"es-ES-u-co-trad\">Idem respuesta anterior.<\/span><\/p>\n<p class=\"western\" lang=\"en-US\"><span lang=\"es-ES-u-co-trad\"><b>&nbsp;<\/b><\/span><\/p>\n<p class=\"western\" lang=\"en-US\"><span lang=\"es-ES-u-co-trad\"><b>\u00bfQu\u00e9 ventajas tiene el Sistema Automatizado de Ventas?<\/b><\/span><\/p>\n<p class=\"western\" lang=\"en-US\"><span lang=\"es-ES-u-co-trad\">Vender.<\/span><\/p>\n<p class=\"western\" lang=\"en-US\"><span lang=\"es-ES-u-co-trad\">Vender mucho.<\/span><\/p>\n<p class=\"western\" lang=\"en-US\"><span lang=\"es-ES-u-co-trad\">Vender mucho m\u00e1s.<\/span><\/p>\n<p class=\"western\" lang=\"en-US\"><span lang=\"es-ES-u-co-trad\"><b>&nbsp;<\/b><\/span><\/p>\n<p class=\"western\" lang=\"en-US\"><span lang=\"es-ES-u-co-trad\"><b>\u00bfY, eso del Sistema Automatizado de Ventas funciona para todos los servicios y productos?<\/b><\/span><\/p>\n<p class=\"western\" lang=\"en-US\"><span lang=\"es-ES-u-co-trad\">S\u00ed. Escr\u00edbenos a <span style=\"color: #003366;\"><b><u>hola@kairoscomunicacion.com&nbsp;<\/u><\/b><\/span><\/span><span lang=\"es-ES-u-co-trad\">y cu\u00e9ntanos tu caso y te diremos si podemos trabajar juntos para implantar este sistema en tu negocio<\/span><\/p>\n<p class=\"western\" lang=\"en-US\"><span lang=\"es-ES-u-co-trad\"><b>&nbsp;<\/b><\/span><\/p>\n<p class=\"western\" lang=\"en-US\"><span lang=\"es-ES-u-co-trad\"><b>\u00bfMe pod\u00e9is hacer un presupuesto? <\/b><\/span><\/p>\n<p class=\"western\" lang=\"en-US\"><span lang=\"es-ES-u-co-trad\">No. Escr\u00edbenos a <span style=\"color: #003366;\"><b><u>hola@kairoscomunicacion.com&nbsp;<\/u><\/b><\/span><\/span><span lang=\"es-ES-u-co-trad\">y cu\u00e9ntanos tu caso y te diremos si podemos trabajar juntos para implantar este sistema en tu negocio<\/span><\/p>\n<p class=\"western\" lang=\"en-US\"><span lang=\"es-ES-u-co-trad\"><b>&nbsp;<\/b><\/span><\/p>\n<p class=\"western\" lang=\"en-US\"><span lang=\"es-ES-u-co-trad\"><b>\u00bfTen\u00e9is casos de \u00e9xito?<\/b><\/span><\/p>\n<p class=\"western\" lang=\"en-US\"><span lang=\"es-ES-u-co-trad\">Hay miles de casos de \u00e9xito. <\/span><\/p>\n<p class=\"western\" lang=\"en-US\"><span lang=\"es-ES-u-co-trad\">Lo curioso es que muchos de esos casos de \u00e9xito tienen muchos a\u00f1os.<\/span><\/p>\n<p class=\"western\" lang=\"en-US\"><span lang=\"es-ES-u-co-trad\">Y, tambi\u00e9n, lo curioso es que hay mucha gente que vende mucho con este sistema. Esperemos que t\u00fa puedas ser tu propio Caso de \u00c9xito.<\/span><\/p>\n<p class=\"western\" lang=\"en-US\"><span lang=\"es-ES-u-co-trad\">&nbsp;<\/span><\/p>\t\t\t\t\t\t<\/div>\n\t\t\t\t<\/div>\n\t\t\t\t\t<\/div>\n\t\t<\/div>\n\t\t\t\t\t\t\t<\/div>\n\t\t<\/section>\n\t\t\t\t<section class=\"elementor-section elementor-top-section elementor-element elementor-element-c205658 elementor-section-boxed elementor-section-height-default elementor-section-height-default\" data-id=\"c205658\" data-element_type=\"section\">\n\t\t\t\t\t\t<div class=\"elementor-container elementor-column-gap-default\">\n\t\t\t\t\t<div class=\"elementor-column elementor-col-100 elementor-top-column elementor-element elementor-element-ba6b8da\" data-id=\"ba6b8da\" data-element_type=\"column\">\n\t\t\t<div class=\"elementor-widget-wrap elementor-element-populated\">\n\t\t\t\t\t\t\t\t<div class=\"elementor-element elementor-element-4b02e16 elementor-widget elementor-widget-spacer\" data-id=\"4b02e16\" data-element_type=\"widget\" data-widget_type=\"spacer.default\">\n\t\t\t\t<div class=\"elementor-widget-container\">\n\t\t\t<style>\/*! elementor - v3.11.2 - 22-02-2023 *\/\n.elementor-column .elementor-spacer-inner{height:var(--spacer-size)}.e-con{--container-widget-width:100%}.e-con-inner>.elementor-widget-spacer,.e-con>.elementor-widget-spacer{width:var(--container-widget-width,var(--spacer-size));--align-self:var(--container-widget-align-self,initial);--flex-shrink:0}.e-con-inner>.elementor-widget-spacer>.elementor-widget-container,.e-con-inner>.elementor-widget-spacer>.elementor-widget-container>.elementor-spacer,.e-con>.elementor-widget-spacer>.elementor-widget-container,.e-con>.elementor-widget-spacer>.elementor-widget-container>.elementor-spacer{height:100%}.e-con-inner>.elementor-widget-spacer>.elementor-widget-container>.elementor-spacer>.elementor-spacer-inner,.e-con>.elementor-widget-spacer>.elementor-widget-container>.elementor-spacer>.elementor-spacer-inner{height:var(--container-widget-height,var(--spacer-size))}<\/style>\t\t<div class=\"elementor-spacer\">\n\t\t\t<div class=\"elementor-spacer-inner\"><\/div>\n\t\t<\/div>\n\t\t\t\t<\/div>\n\t\t\t\t<\/div>\n\t\t\t\t\t<\/div>\n\t\t<\/div>\n\t\t\t\t\t\t\t<\/div>\n\t\t<\/section>\n\t\t\t\t<section class=\"elementor-section elementor-top-section elementor-element elementor-element-6196f04 elementor-section-boxed elementor-section-height-default elementor-section-height-default\" data-id=\"6196f04\" data-element_type=\"section\">\n\t\t\t\t\t\t<div class=\"elementor-container elementor-column-gap-default\">\n\t\t\t\t\t<div class=\"elementor-column elementor-col-100 elementor-top-column elementor-element elementor-element-52cb719\" data-id=\"52cb719\" data-element_type=\"column\">\n\t\t\t<div class=\"elementor-widget-wrap elementor-element-populated\">\n\t\t\t\t\t\t\t\t<div class=\"elementor-element elementor-element-1bc6182 elementor-widget elementor-widget-text-editor\" data-id=\"1bc6182\" data-element_type=\"widget\" data-widget_type=\"text-editor.default\">\n\t\t\t\t<div class=\"elementor-widget-container\">\n\t\t\t\t\t\t\t<p><a href=\"https:\/\/kairosdigitalmedia.es\/aviso-legal\/\">Aviso Legal<\/a> | <a href=\"https:\/\/kairosdigitalmedia.es\/politica-privacidad\/\">Pol\u00edtica de Privacidad<\/a> | <a href=\"https:\/\/kairosdigitalmedia.es\/politica-de-cookies\/\">Pol\u00edtica de Cookies<\/a><\/p>\t\t\t\t\t\t<\/div>\n\t\t\t\t<\/div>\n\t\t\t\t\t<\/div>\n\t\t<\/div>\n\t\t\t\t\t\t\t<\/div>\n\t\t<\/section>\n\t\t\t\t\t\t\t<\/div>\n\t\t","protected":false},"excerpt":{"rendered":"<p>Esto no es la t\u00edpica web de una Agencia de Publicidad. Esto es una Carta de Ventas. Porque nosotros queremos vender. Imaginamos que t\u00fa tambi\u00e9n. Ya sabes aquello: Si no vendes, no vives. Si no vives, est\u00e1s muerto. &nbsp; Y,&nbsp; no es la t\u00edpica web de una Agencia de Publicidad. Porque no hablamos de Nosotros. [&hellip;]<\/p>\n","protected":false},"author":1,"featured_media":0,"parent":0,"menu_order":0,"comment_status":"closed","ping_status":"open","template":"blank","meta":{"footnotes":""},"class_list":["post-2","page","type-page","status-publish","hentry"],"_links":{"self":[{"href":"https:\/\/kairoscomunicacion.com\/index.php?rest_route=\/wp\/v2\/pages\/2","targetHints":{"allow":["GET"]}}],"collection":[{"href":"https:\/\/kairoscomunicacion.com\/index.php?rest_route=\/wp\/v2\/pages"}],"about":[{"href":"https:\/\/kairoscomunicacion.com\/index.php?rest_route=\/wp\/v2\/types\/page"}],"author":[{"embeddable":true,"href":"https:\/\/kairoscomunicacion.com\/index.php?rest_route=\/wp\/v2\/users\/1"}],"replies":[{"embeddable":true,"href":"https:\/\/kairoscomunicacion.com\/index.php?rest_route=%2Fwp%2Fv2%2Fcomments&post=2"}],"version-history":[{"count":192,"href":"https:\/\/kairoscomunicacion.com\/index.php?rest_route=\/wp\/v2\/pages\/2\/revisions"}],"predecessor-version":[{"id":248,"href":"https:\/\/kairoscomunicacion.com\/index.php?rest_route=\/wp\/v2\/pages\/2\/revisions\/248"}],"wp:attachment":[{"href":"https:\/\/kairoscomunicacion.com\/index.php?rest_route=%2Fwp%2Fv2%2Fmedia&parent=2"}],"curies":[{"name":"wp","href":"https:\/\/api.w.org\/{rel}","templated":true}]}}